{"id":17620,"date":"2020-12-08T19:15:46","date_gmt":"2020-12-08T22:15:46","guid":{"rendered":"https:\/\/ciencia.ufpr.br\/portal\/?page_id=17620"},"modified":"2026-03-05T13:46:10","modified_gmt":"2026-03-05T16:46:10","slug":"expediente","status":"publish","type":"page","link":"https:\/\/ciencia.ufpr.br\/portal\/expediente\/","title":{"rendered":"Expediente"},"content":{"rendered":"<h5><img loading=\"lazy\" decoding=\"async\" class=\"aligncenter size-large wp-image-17759\" src=\"https:\/\/ciencia.ufpr.br\/portal\/wp-content\/uploads\/2020\/12\/Envie_Pautas_1000x150-1024x112.png\" alt=\"\" width=\"810\" height=\"89\" srcset=\"https:\/\/ciencia.ufpr.br\/portal\/wp-content\/uploads\/2020\/12\/Envie_Pautas_1000x150-1024x112.png 1024w, https:\/\/ciencia.ufpr.br\/portal\/wp-content\/uploads\/2020\/12\/Envie_Pautas_1000x150-300x33.png 300w, https:\/\/ciencia.ufpr.br\/portal\/wp-content\/uploads\/2020\/12\/Envie_Pautas_1000x150-768x84.png 768w, https:\/\/ciencia.ufpr.br\/portal\/wp-content\/uploads\/2020\/12\/Envie_Pautas_1000x150.png 1368w\" sizes=\"(max-width: 810px) 100vw, 810px\" \/><\/h5>\n<h5>Expediente<\/h5>\n<h5><strong>Editoras<\/strong><br \/>\nCamille Bropp (Sucom)<br \/>\nLivia In\u00e1cio (Sucom)<\/h5>\n<h5><strong>Rep\u00f3rteres<\/strong><br \/>\nAline Fernandes Fran\u00e7a (Sucom)<br \/>\nCamille Bropp (Sucom)<br \/>\nJessica Tokarski (Sucom)<br \/>\nLivia In\u00e1cio (Sucom)<\/h5>\n<h5><strong>Redes sociais<\/strong><br \/>\nCamille Bropp (Sucom)<br \/>\nLivia In\u00e1cio (Sucom)<\/h5>\n<h5><strong>Projetos em divulga\u00e7\u00e3o cient\u00edfica<\/strong><br \/>\nLet\u00edcia Pereira (Sucom)<\/h5>\n<h5><strong>Design e logomarca<\/strong><br \/>\nMonica Ardjomand (Sucom)<\/h5>\n<h5><strong>Ilustra\u00e7\u00f5es e headers<\/strong><br \/>\nRoberto Lagarto (Sucom)<\/h5>\n<h5><strong>Fotografia<\/strong><br \/>\nMarcos Solivan (Sucom)<\/h5>\n<h5><strong>Projeto gr\u00e1fico da revista impressa<\/strong><br \/>\nMonica Ardjomand (Sucom)<\/h5>\n<h5><strong>Projeto gr\u00e1fico do site<\/strong><br \/>\nWpthms (adaptado)<\/h5>\n<h5><strong>Podcast Boletim UFPR<\/strong><br \/>\nAline Fernandes Fran\u00e7a (Sucom)<br \/>\nJ\u00e9ssica Tokarski (Sucom)<\/h5>\n<h5><strong>Colaboradores<\/strong><br \/>\nAndr\u00e9 Bellin Mariano (Delt\/NPDEAS)<br \/>\nBruna Soares (Sucom)<br \/>\nLuana Lopes (Sucom)<br \/>\nRon Martinez (Delem\/Capa)<br \/>\nSimone Meirelles (Sucom)<\/h5>\n<h5><strong>Colaboradores de edi\u00e7\u00f5es anteriores<\/strong><br \/>\nAmanda Miranda (UFSC\/ex-Sucom)<br \/>\nChirlei Kohls<br \/>\nDafne Salvador (Sucom)<br \/>\nHelen Mendes<br \/>\nJessica Maes<br \/>\nJo\u00e3o Cubas (Sucom)<br \/>\nLeo Bettinelli<br \/>\nLorena Aubrift Klenk (NC)<br \/>\nMaria de Lurdes Welter Pereira<br \/>\nSamira Chami Neves<\/h5>\n<h5><strong>Parcerias<\/strong><br \/>\n<a href=\"https:\/\/rncd.org\/\" target=\"_blank\" rel=\"noopener\">Rede Nacional de Combate \u00e0 Desinforma\u00e7\u00e3o (RNCD)<\/a><br \/>\n<a href=\"http:\/\/www.capa.ufpr.br\/portal\/\" target=\"_blank\" rel=\"noopener\">Centro de Assessoria de Publica\u00e7\u00e3o Acad\u00eamica (Capa) UFPR<\/a><\/h5>\n<h5><strong>Correspond\u00eancia e sugest\u00f5es:<\/strong> <a href=\"mailto:revistaciencia@ufpr.br\">revistaciencia@ufpr.br<\/a><\/h5>\n<h5><strong>Periodicidade:<\/strong> semanal. Fluxo cont\u00ednuo.<\/h5>\n<h5><strong>Se\u00e7\u00e3o de Divulga\u00e7\u00e3o Cient\u00edfica (SDC\/Sucom)<br \/>\n<\/strong>Camille Bropp (Chefia)<br \/>\nL\u00edvia In\u00e1cio (Chefia eventual)<br \/>\nLet\u00edcia Pereira<\/h5>\n<h5><strong>Endere\u00e7o:<\/strong> R. Dr. Faivre, 405 &#8211; Campus Reitoria da UFPR &#8211; Edif\u00edcio D. Pedro II &#8211; Centro, Curitiba\/PR<\/h5>\n","protected":false},"excerpt":{"rendered":"<p>Expediente Editoras Camille Bropp (Sucom) Livia In\u00e1cio (Sucom) Rep\u00f3rteres Aline Fernandes Fran\u00e7a (Sucom) Camille Bropp (Sucom) Jessica Tokarski (Sucom) Livia&#8230;<\/p>\n","protected":false},"author":2801,"featured_media":0,"parent":0,"menu_order":0,"comment_status":"closed","ping_status":"closed","template":"page-templates\/right-sidebar.php","meta":{"_acf_changed":false,"footnotes":""},"acf":[],"yoast_head":"<!-- This site is optimized with the Yoast SEO plugin v23.5 - https:\/\/yoast.com\/wordpress\/plugins\/seo\/ -->\n<title>Expediente - Ci\u00eancia UFPR<\/title>\n<meta name=\"description\" content=\"Site de divulga\u00e7\u00e3o cient\u00edfica sobre o conhecimento produzido na Universidade Federal do Paran\u00e1. Baseado na Revista Ci\u00eancia UFPR.\" \/>\n<meta name=\"robots\" content=\"index, follow, max-snippet:-1, max-image-preview:large, max-video-preview:-1\" \/>\n<link rel=\"canonical\" href=\"https:\/\/ciencia.ufpr.br\/portal\/expediente\/\" \/>\n<meta property=\"og:locale\" content=\"pt_BR\" \/>\n<meta property=\"og:type\" content=\"article\" \/>\n<meta property=\"og:title\" content=\"Expediente - Ci\u00eancia UFPR\" \/>\n<meta property=\"og:description\" content=\"Site de divulga\u00e7\u00e3o cient\u00edfica sobre o conhecimento produzido na Universidade Federal do Paran\u00e1. Baseado na Revista Ci\u00eancia UFPR.\" \/>\n<meta property=\"og:url\" content=\"https:\/\/ciencia.ufpr.br\/portal\/expediente\/\" \/>\n<meta property=\"og:site_name\" content=\"Ci\u00eancia UFPR\" \/>\n<meta property=\"article:publisher\" content=\"https:\/\/www.facebook.com\/cienciaufproficial\" \/>\n<meta property=\"article:modified_time\" content=\"2026-03-05T16:46:10+00:00\" \/>\n<meta property=\"og:image\" content=\"https:\/\/ciencia.ufpr.br\/portal\/wp-content\/uploads\/2020\/11\/Revista-Ciencia-UFPR-azul-sem-branco.jpg\" \/>\n\t<meta property=\"og:image:width\" content=\"575\" \/>\n\t<meta property=\"og:image:height\" content=\"389\" \/>\n\t<meta property=\"og:image:type\" content=\"image\/jpeg\" \/>\n<meta name=\"twitter:card\" content=\"summary_large_image\" \/>\n<meta name=\"twitter:image\" content=\"https:\/\/ciencia.ufpr.br\/portal\/wp-content\/uploads\/2020\/11\/Revista-Ciencia-UFPR-azul-sem-branco.jpg\" \/>\n<meta name=\"twitter:site\" content=\"@cienciaufpr\" \/>\n<meta name=\"twitter:label1\" content=\"Est. tempo de leitura\" \/>\n\t<meta name=\"twitter:data1\" content=\"2 minutos\" \/>\n<script type=\"application\/ld+json\" class=\"yoast-schema-graph\">{\"@context\":\"https:\/\/schema.org\",\"@graph\":[{\"@type\":\"WebPage\",\"@id\":\"https:\/\/ciencia.ufpr.br\/portal\/expediente\/\",\"url\":\"https:\/\/ciencia.ufpr.br\/portal\/expediente\/\",\"name\":\"Expediente - Ci\u00eancia UFPR\",\"isPartOf\":{\"@id\":\"https:\/\/ciencia.ufpr.br\/portal\/#website\"},\"primaryImageOfPage\":{\"@id\":\"https:\/\/ciencia.ufpr.br\/portal\/expediente\/#primaryimage\"},\"image\":{\"@id\":\"https:\/\/ciencia.ufpr.br\/portal\/expediente\/#primaryimage\"},\"thumbnailUrl\":\"https:\/\/ciencia.ufpr.br\/portal\/wp-content\/uploads\/2020\/12\/Envie_Pautas_1000x150-1024x112.png\",\"datePublished\":\"2020-12-08T22:15:46+00:00\",\"dateModified\":\"2026-03-05T16:46:10+00:00\",\"description\":\"Site de divulga\u00e7\u00e3o cient\u00edfica sobre o conhecimento produzido na Universidade Federal do Paran\u00e1. Baseado na Revista Ci\u00eancia UFPR.\",\"breadcrumb\":{\"@id\":\"https:\/\/ciencia.ufpr.br\/portal\/expediente\/#breadcrumb\"},\"inLanguage\":\"pt-BR\",\"potentialAction\":[{\"@type\":\"ReadAction\",\"target\":[\"https:\/\/ciencia.ufpr.br\/portal\/expediente\/\"]}]},{\"@type\":\"ImageObject\",\"inLanguage\":\"pt-BR\",\"@id\":\"https:\/\/ciencia.ufpr.br\/portal\/expediente\/#primaryimage\",\"url\":\"https:\/\/ciencia.ufpr.br\/portal\/wp-content\/uploads\/2020\/12\/Envie_Pautas_1000x150.png\",\"contentUrl\":\"https:\/\/ciencia.ufpr.br\/portal\/wp-content\/uploads\/2020\/12\/Envie_Pautas_1000x150.png\",\"width\":1368,\"height\":150},{\"@type\":\"BreadcrumbList\",\"@id\":\"https:\/\/ciencia.ufpr.br\/portal\/expediente\/#breadcrumb\",\"itemListElement\":[{\"@type\":\"ListItem\",\"position\":1,\"name\":\"Home\",\"item\":\"https:\/\/ciencia.ufpr.br\/portal\/\"},{\"@type\":\"ListItem\",\"position\":2,\"name\":\"Expediente\"}]},{\"@type\":\"WebSite\",\"@id\":\"https:\/\/ciencia.ufpr.br\/portal\/#website\",\"url\":\"https:\/\/ciencia.ufpr.br\/portal\/\",\"name\":\"Ci\u00eancia UFPR\",\"description\":\"Site de temas cient\u00edficos com foco no conhecimento produzido na Universidade Federal do Paran\u00e1 (UFPR). Baseado na Revista Ci\u00eancia UFPR.\",\"publisher\":{\"@id\":\"https:\/\/ciencia.ufpr.br\/portal\/#organization\"},\"potentialAction\":[{\"@type\":\"SearchAction\",\"target\":{\"@type\":\"EntryPoint\",\"urlTemplate\":\"https:\/\/ciencia.ufpr.br\/portal\/?s={search_term_string}\"},\"query-input\":{\"@type\":\"PropertyValueSpecification\",\"valueRequired\":true,\"valueName\":\"search_term_string\"}}],\"inLanguage\":\"pt-BR\"},{\"@type\":\"Organization\",\"@id\":\"https:\/\/ciencia.ufpr.br\/portal\/#organization\",\"name\":\"Revista Ci\u00eancia UFPR\",\"url\":\"https:\/\/ciencia.ufpr.br\/portal\/\",\"logo\":{\"@type\":\"ImageObject\",\"inLanguage\":\"pt-BR\",\"@id\":\"https:\/\/ciencia.ufpr.br\/portal\/#\/schema\/logo\/image\/\",\"url\":\"https:\/\/ciencia.ufpr.br\/portal\/wp-content\/uploads\/2020\/12\/Revista-Ciencia-UFPR-vermelho.jpeg\",\"contentUrl\":\"https:\/\/ciencia.ufpr.br\/portal\/wp-content\/uploads\/2020\/12\/Revista-Ciencia-UFPR-vermelho.jpeg\",\"width\":992,\"height\":714,\"caption\":\"Revista Ci\u00eancia UFPR\"},\"image\":{\"@id\":\"https:\/\/ciencia.ufpr.br\/portal\/#\/schema\/logo\/image\/\"},\"sameAs\":[\"https:\/\/www.facebook.com\/cienciaufproficial\",\"https:\/\/x.com\/cienciaufpr\",\"https:\/\/www.instagram.com\/revistacienciaufpr\/\",\"https:\/\/www.linkedin.com\/company\/cienciaufproficial\",\"https:\/\/br.pinterest.com\/cienciaufpr\/\"]}]}<\/script>\n<!-- \/ Yoast SEO plugin. -->","yoast_head_json":{"title":"Expediente - Ci\u00eancia UFPR","description":"Site de divulga\u00e7\u00e3o cient\u00edfica sobre o conhecimento produzido na Universidade Federal do Paran\u00e1. Baseado na Revista Ci\u00eancia UFPR.","robots":{"index":"index","follow":"follow","max-snippet":"max-snippet:-1","max-image-preview":"max-image-preview:large","max-video-preview":"max-video-preview:-1"},"canonical":"https:\/\/ciencia.ufpr.br\/portal\/expediente\/","og_locale":"pt_BR","og_type":"article","og_title":"Expediente - Ci\u00eancia UFPR","og_description":"Site de divulga\u00e7\u00e3o cient\u00edfica sobre o conhecimento produzido na Universidade Federal do Paran\u00e1. Baseado na Revista Ci\u00eancia UFPR.","og_url":"https:\/\/ciencia.ufpr.br\/portal\/expediente\/","og_site_name":"Ci\u00eancia UFPR","article_publisher":"https:\/\/www.facebook.com\/cienciaufproficial","article_modified_time":"2026-03-05T16:46:10+00:00","og_image":[{"width":575,"height":389,"url":"https:\/\/ciencia.ufpr.br\/portal\/wp-content\/uploads\/2020\/11\/Revista-Ciencia-UFPR-azul-sem-branco.jpg","type":"image\/jpeg"}],"twitter_card":"summary_large_image","twitter_image":"https:\/\/ciencia.ufpr.br\/portal\/wp-content\/uploads\/2020\/11\/Revista-Ciencia-UFPR-azul-sem-branco.jpg","twitter_site":"@cienciaufpr","twitter_misc":{"Est. tempo de leitura":"2 minutos"},"schema":{"@context":"https:\/\/schema.org","@graph":[{"@type":"WebPage","@id":"https:\/\/ciencia.ufpr.br\/portal\/expediente\/","url":"https:\/\/ciencia.ufpr.br\/portal\/expediente\/","name":"Expediente - Ci\u00eancia UFPR","isPartOf":{"@id":"https:\/\/ciencia.ufpr.br\/portal\/#website"},"primaryImageOfPage":{"@id":"https:\/\/ciencia.ufpr.br\/portal\/expediente\/#primaryimage"},"image":{"@id":"https:\/\/ciencia.ufpr.br\/portal\/expediente\/#primaryimage"},"thumbnailUrl":"https:\/\/ciencia.ufpr.br\/portal\/wp-content\/uploads\/2020\/12\/Envie_Pautas_1000x150-1024x112.png","datePublished":"2020-12-08T22:15:46+00:00","dateModified":"2026-03-05T16:46:10+00:00","description":"Site de divulga\u00e7\u00e3o cient\u00edfica sobre o conhecimento produzido na Universidade Federal do Paran\u00e1. Baseado na Revista Ci\u00eancia UFPR.","breadcrumb":{"@id":"https:\/\/ciencia.ufpr.br\/portal\/expediente\/#breadcrumb"},"inLanguage":"pt-BR","potentialAction":[{"@type":"ReadAction","target":["https:\/\/ciencia.ufpr.br\/portal\/expediente\/"]}]},{"@type":"ImageObject","inLanguage":"pt-BR","@id":"https:\/\/ciencia.ufpr.br\/portal\/expediente\/#primaryimage","url":"https:\/\/ciencia.ufpr.br\/portal\/wp-content\/uploads\/2020\/12\/Envie_Pautas_1000x150.png","contentUrl":"https:\/\/ciencia.ufpr.br\/portal\/wp-content\/uploads\/2020\/12\/Envie_Pautas_1000x150.png","width":1368,"height":150},{"@type":"BreadcrumbList","@id":"https:\/\/ciencia.ufpr.br\/portal\/expediente\/#breadcrumb","itemListElement":[{"@type":"ListItem","position":1,"name":"Home","item":"https:\/\/ciencia.ufpr.br\/portal\/"},{"@type":"ListItem","position":2,"name":"Expediente"}]},{"@type":"WebSite","@id":"https:\/\/ciencia.ufpr.br\/portal\/#website","url":"https:\/\/ciencia.ufpr.br\/portal\/","name":"Ci\u00eancia UFPR","description":"Site de temas cient\u00edficos com foco no conhecimento produzido na Universidade Federal do Paran\u00e1 (UFPR). Baseado na Revista Ci\u00eancia UFPR.","publisher":{"@id":"https:\/\/ciencia.ufpr.br\/portal\/#organization"},"potentialAction":[{"@type":"SearchAction","target":{"@type":"EntryPoint","urlTemplate":"https:\/\/ciencia.ufpr.br\/portal\/?s={search_term_string}"},"query-input":{"@type":"PropertyValueSpecification","valueRequired":true,"valueName":"search_term_string"}}],"inLanguage":"pt-BR"},{"@type":"Organization","@id":"https:\/\/ciencia.ufpr.br\/portal\/#organization","name":"Revista Ci\u00eancia UFPR","url":"https:\/\/ciencia.ufpr.br\/portal\/","logo":{"@type":"ImageObject","inLanguage":"pt-BR","@id":"https:\/\/ciencia.ufpr.br\/portal\/#\/schema\/logo\/image\/","url":"https:\/\/ciencia.ufpr.br\/portal\/wp-content\/uploads\/2020\/12\/Revista-Ciencia-UFPR-vermelho.jpeg","contentUrl":"https:\/\/ciencia.ufpr.br\/portal\/wp-content\/uploads\/2020\/12\/Revista-Ciencia-UFPR-vermelho.jpeg","width":992,"height":714,"caption":"Revista Ci\u00eancia UFPR"},"image":{"@id":"https:\/\/ciencia.ufpr.br\/portal\/#\/schema\/logo\/image\/"},"sameAs":["https:\/\/www.facebook.com\/cienciaufproficial","https:\/\/x.com\/cienciaufpr","https:\/\/www.instagram.com\/revistacienciaufpr\/","https:\/\/www.linkedin.com\/company\/cienciaufproficial","https:\/\/br.pinterest.com\/cienciaufpr\/"]}]}},"jetpack_sharing_enabled":true,"_links":{"self":[{"href":"https:\/\/ciencia.ufpr.br\/portal\/wp-json\/wp\/v2\/pages\/17620"}],"collection":[{"href":"https:\/\/ciencia.ufpr.br\/portal\/wp-json\/wp\/v2\/pages"}],"about":[{"href":"https:\/\/ciencia.ufpr.br\/portal\/wp-json\/wp\/v2\/types\/page"}],"author":[{"embeddable":true,"href":"https:\/\/ciencia.ufpr.br\/portal\/wp-json\/wp\/v2\/users\/2801"}],"replies":[{"embeddable":true,"href":"https:\/\/ciencia.ufpr.br\/portal\/wp-json\/wp\/v2\/comments?post=17620"}],"version-history":[{"count":65,"href":"https:\/\/ciencia.ufpr.br\/portal\/wp-json\/wp\/v2\/pages\/17620\/revisions"}],"predecessor-version":[{"id":28545,"href":"https:\/\/ciencia.ufpr.br\/portal\/wp-json\/wp\/v2\/pages\/17620\/revisions\/28545"}],"wp:attachment":[{"href":"https:\/\/ciencia.ufpr.br\/portal\/wp-json\/wp\/v2\/media?parent=17620"}],"curies":[{"name":"wp","href":"https:\/\/api.w.org\/{rel}","templated":true}]}}