{"id":17582,"date":"2020-12-08T17:20:10","date_gmt":"2020-12-08T20:20:10","guid":{"rendered":"https:\/\/ciencia.ufpr.br\/portal\/?page_id=17582"},"modified":"2023-12-09T07:28:18","modified_gmt":"2023-12-09T10:28:18","slug":"envie-artigos","status":"publish","type":"page","link":"https:\/\/ciencia.ufpr.br\/portal\/envie-artigos\/","title":{"rendered":"Submiss\u00e3o de artigos de opini\u00e3o"},"content":{"rendered":"<h1><img loading=\"lazy\" decoding=\"async\" class=\"aligncenter size-large wp-image-17759\" src=\"https:\/\/ciencia.ufpr.br\/portal\/wp-content\/uploads\/2020\/12\/Envie_Pautas_1000x150-1024x112.png\" alt=\"\" width=\"810\" height=\"89\" srcset=\"https:\/\/ciencia.ufpr.br\/portal\/wp-content\/uploads\/2020\/12\/Envie_Pautas_1000x150-1024x112.png 1024w, https:\/\/ciencia.ufpr.br\/portal\/wp-content\/uploads\/2020\/12\/Envie_Pautas_1000x150-300x33.png 300w, https:\/\/ciencia.ufpr.br\/portal\/wp-content\/uploads\/2020\/12\/Envie_Pautas_1000x150-768x84.png 768w, https:\/\/ciencia.ufpr.br\/portal\/wp-content\/uploads\/2020\/12\/Envie_Pautas_1000x150.png 1368w\" sizes=\"(max-width: 810px) 100vw, 810px\" \/>Submiss\u00e3o de artigos<\/h1>\n<p>Al\u00e9m de reportagens, a <em>Revista Ci\u00eancia UFPR<\/em> publica artigos de opini\u00e3o cujos autores fazem parte da comunidade acad\u00eamica da Universidade Federal do Paran\u00e1 (UFPR) (leia a nossa &#8220;<a href=\"https:\/\/ciencia.ufpr.br\/portal\/politica-editorial\/\">Pol\u00edtica editorial<\/a>&#8220;).<\/p>\n<p>A subse\u00e7\u00e3o &#8220;<a href=\"https:\/\/ciencia.ufpr.br\/portal\/blog\/category\/ideias\/artigos-ciencia-ufpr\/\">Artigos<\/a>&#8221; faz parte da se\u00e7\u00e3o &#8220;<a href=\"https:\/\/ciencia.ufpr.br\/portal\/blog\/category\/ideias\/\">Ideias<\/a>&#8220;, que engloba conte\u00fado opinativo e memorial\u00edstico, abrangendo assim outras duas subse\u00e7\u00f5es que s\u00e3o produzidas por jornalistas (&#8220;<a href=\"https:\/\/ciencia.ufpr.br\/portal\/blog\/category\/ideias\/entrevista\/\">Entrevistas<\/a>&#8221; e &#8220;<a href=\"https:\/\/ciencia.ufpr.br\/portal\/blog\/category\/ideias\/memoria\/\">Mem\u00f3ria<\/a>&#8220;).<\/p>\n<p>O objetivo da se\u00e7\u00e3o &#8220;Artigos&#8221; \u00e9 disponibilizar textos com pontos de vista sobre quest\u00f5es relevantes, especialmente as de repercuss\u00e3o na atualidade, a fim de promover o debate qualificado sobre temas de interesse p\u00fablico. Os autores podem ser convidados ou submeterem textos.<\/p>\n<p>Conhe\u00e7a abaixo os crit\u00e9rios b\u00e1sicos para a submiss\u00e3o de artigos. Participe!<\/p>\n<h2>Crit\u00e9rios b\u00e1sicos<\/h2>\n<p>&#8211; O autor ou coautor precisa fazer parte da comunidade acad\u00eamica da UFPR, seja como servidor (docente ou t\u00e9cnico) atuante na \u00e1rea de pesquisa, seja como pesquisador em qualquer n\u00edvel de pesquisa, da gradua\u00e7\u00e3o ao doutorado. A participa\u00e7\u00e3o de egressos depender\u00e1 de delibera\u00e7\u00e3o da equipe de jornalistas;<\/p>\n<p>&#8211; \u00c9 essencial que o autor verse dentro do conhecimento adquirido na sua \u00e1rea de atua\u00e7\u00e3o;<\/p>\n<p>&#8211; O formato do artigo n\u00e3o \u00e9 cient\u00edfico, mas jornal\u00edstico. Isso significa que os textos devem seguir esse g\u00eanero comum na imprensa, que re\u00fane informa\u00e7\u00e3o, mas evidencia sobretudo uma posi\u00e7\u00e3o pessoal sobre a qual o autor argumenta. Com isso, est\u00e3o descartados elementos como notas de rodap\u00e9, t\u00f3picos e refer\u00eancias de acordo com a ABNT (elas devem ser costuradas no texto). Gr\u00e1ficos, tabelas e figuras ter\u00e3o a necessidade de inclus\u00e3o discutida pelos jornalistas da revista;<\/p>\n<p>&#8211; O tamanho do texto deve variar entre 5 mil e 10 mil caracteres com espa\u00e7os. O texto n\u00e3o precisa ser in\u00e9dito, mas ser\u00e1 avaliada a publica\u00e7\u00e3o quando n\u00e3o for;<\/p>\n<p>&#8211; O texto estar\u00e1 sujeito a edi\u00e7\u00e3o no seu corpo (para deixar trechos mais compreens\u00edveis) e no t\u00edtulo (porque o espa\u00e7o dele \u00e9 limitado). O autor ser\u00e1 consultado em caso de d\u00favida. A escolha da imagem ilustrativa fica a cargo dos jornalistas da revista, porque est\u00e1 relacionada aos projetos gr\u00e1fico e editorial;<\/p>\n<p>&#8211; O autor \u00e9 respons\u00e1vel pelas ideias que apresenta, n\u00e3o devendo elas serem creditadas ao ve\u00edculo. Ainda assim, a revista se reserva o direito de barrar textos que: conflitem com princ\u00edpios de direitos humanos; sejam relativos a quest\u00f5es pessoais; mencionem pessoas sem motivo que justifique men\u00e7\u00e3o; e n\u00e3o contribuam para o debate qualificado de interesse social, que deve ser a principal motiva\u00e7\u00e3o do texto. A modera\u00e7\u00e3o de coment\u00e1rios segue os mesmos princ\u00edpios.<\/p>\n<p>&#8211; Caso haja noticiabilidade e disponibilidade para adequar o texto ao limite de caracteres de padr\u00f5es editoriais, ele pode vir a ser submetido \u00e0 imprensa pela Superintend\u00eancia de Comunica\u00e7\u00e3o (Sucom), o que exigir\u00e1 exclusividade. A vers\u00e3o na \u00edntegra ser\u00e1 publicada na Ci\u00eancia UFPR e divulgada em nossos canais ap\u00f3s a publica\u00e7\u00e3o pelo ve\u00edculo externo.<\/p>\n<p>Os crit\u00e9rios acima podem ser detalhados ou alterados a qualquer tempo, conforme a demanda da revista.<\/p>\n<p>Temos autonomia como valor de atua\u00e7\u00e3o, portanto a sele\u00e7\u00e3o de pautas\/artigos e da abordagem dos conte\u00fados da Ci\u00eancia UFPR \u00e9 baseada unicamente em princ\u00edpios t\u00e9cnicos e de relev\u00e2ncia social.<\/p>\n<h2>Contato<\/h2>\n<p>A <em>Ci\u00eancia UFPR<\/em> quer divulgar a sua opini\u00e3o, pesquisador da UFPR!<\/p>\n<p>Envie sugest\u00f5es de artigos de opini\u00e3o para o e-mail <a href=\"mailto:revistaciencia@ufpr.br\" target=\"_blank\" rel=\"noopener noreferrer\">revistaciencia@ufpr.br<\/a>.<\/p>\n<p>Membros da comunidade da UFPR: para sugerir pautas, acesse \u201c<a href=\"https:\/\/ciencia.ufpr.br\/portal\/envie-sua-pauta\/\">Sugira pautas<\/a>&#8220;.<\/p>\n","protected":false},"excerpt":{"rendered":"<p>Submiss\u00e3o de artigos Al\u00e9m de reportagens, a Revista Ci\u00eancia UFPR publica artigos de opini\u00e3o cujos autores fazem parte da comunidade&#8230;<\/p>\n","protected":false},"author":2801,"featured_media":0,"parent":0,"menu_order":0,"comment_status":"closed","ping_status":"closed","template":"page-templates\/right-sidebar.php","meta":{"_acf_changed":false,"footnotes":""},"acf":[],"yoast_head":"<!-- This site is optimized with the Yoast SEO plugin v23.5 - https:\/\/yoast.com\/wordpress\/plugins\/seo\/ -->\n<title>Submiss\u00e3o de artigos de opini\u00e3o - Ci\u00eancia UFPR<\/title>\n<meta name=\"description\" content=\"Al\u00e9m de reportagens, a Revista Ci\u00eancia UFPR publica artigos de opini\u00e3o cujos autores fazem parte da comunidade acad\u00eamica da Universidade Federal do Paran\u00e1 (UFPR).\" \/>\n<meta name=\"robots\" content=\"index, follow, max-snippet:-1, max-image-preview:large, max-video-preview:-1\" \/>\n<link rel=\"canonical\" href=\"https:\/\/ciencia.ufpr.br\/portal\/envie-artigos\/\" \/>\n<meta property=\"og:locale\" content=\"pt_BR\" \/>\n<meta property=\"og:type\" content=\"article\" \/>\n<meta property=\"og:title\" content=\"Submiss\u00e3o de artigos de opini\u00e3o - Ci\u00eancia UFPR\" \/>\n<meta property=\"og:description\" content=\"Al\u00e9m de reportagens, a Revista Ci\u00eancia UFPR publica artigos de opini\u00e3o cujos autores fazem parte da comunidade acad\u00eamica da Universidade Federal do Paran\u00e1 (UFPR).\" \/>\n<meta property=\"og:url\" content=\"https:\/\/ciencia.ufpr.br\/portal\/envie-artigos\/\" \/>\n<meta property=\"og:site_name\" content=\"Ci\u00eancia UFPR\" \/>\n<meta property=\"article:publisher\" content=\"https:\/\/www.facebook.com\/cienciaufproficial\" \/>\n<meta property=\"article:modified_time\" content=\"2023-12-09T10:28:18+00:00\" \/>\n<meta property=\"og:image\" content=\"https:\/\/ciencia.ufpr.br\/portal\/wp-content\/uploads\/2020\/11\/Revista-Ciencia-UFPR-azul-sem-branco.jpg\" \/>\n\t<meta property=\"og:image:width\" content=\"575\" \/>\n\t<meta property=\"og:image:height\" content=\"389\" \/>\n\t<meta property=\"og:image:type\" content=\"image\/jpeg\" \/>\n<meta name=\"twitter:card\" content=\"summary_large_image\" \/>\n<meta name=\"twitter:image\" content=\"https:\/\/ciencia.ufpr.br\/portal\/wp-content\/uploads\/2020\/11\/Revista-Ciencia-UFPR-azul-sem-branco.jpg\" \/>\n<meta name=\"twitter:site\" content=\"@cienciaufpr\" \/>\n<meta name=\"twitter:label1\" content=\"Est. tempo de leitura\" \/>\n\t<meta name=\"twitter:data1\" content=\"3 minutos\" \/>\n<script type=\"application\/ld+json\" class=\"yoast-schema-graph\">{\"@context\":\"https:\/\/schema.org\",\"@graph\":[{\"@type\":\"WebPage\",\"@id\":\"https:\/\/ciencia.ufpr.br\/portal\/envie-artigos\/\",\"url\":\"https:\/\/ciencia.ufpr.br\/portal\/envie-artigos\/\",\"name\":\"Submiss\u00e3o de artigos de opini\u00e3o - Ci\u00eancia UFPR\",\"isPartOf\":{\"@id\":\"https:\/\/ciencia.ufpr.br\/portal\/#website\"},\"primaryImageOfPage\":{\"@id\":\"https:\/\/ciencia.ufpr.br\/portal\/envie-artigos\/#primaryimage\"},\"image\":{\"@id\":\"https:\/\/ciencia.ufpr.br\/portal\/envie-artigos\/#primaryimage\"},\"thumbnailUrl\":\"https:\/\/ciencia.ufpr.br\/portal\/wp-content\/uploads\/2020\/12\/Envie_Pautas_1000x150-1024x112.png\",\"datePublished\":\"2020-12-08T20:20:10+00:00\",\"dateModified\":\"2023-12-09T10:28:18+00:00\",\"description\":\"Al\u00e9m de reportagens, a Revista Ci\u00eancia UFPR publica artigos de opini\u00e3o cujos autores fazem parte da comunidade acad\u00eamica da Universidade Federal do Paran\u00e1 (UFPR).\",\"breadcrumb\":{\"@id\":\"https:\/\/ciencia.ufpr.br\/portal\/envie-artigos\/#breadcrumb\"},\"inLanguage\":\"pt-BR\",\"potentialAction\":[{\"@type\":\"ReadAction\",\"target\":[\"https:\/\/ciencia.ufpr.br\/portal\/envie-artigos\/\"]}]},{\"@type\":\"ImageObject\",\"inLanguage\":\"pt-BR\",\"@id\":\"https:\/\/ciencia.ufpr.br\/portal\/envie-artigos\/#primaryimage\",\"url\":\"https:\/\/ciencia.ufpr.br\/portal\/wp-content\/uploads\/2020\/12\/Envie_Pautas_1000x150.png\",\"contentUrl\":\"https:\/\/ciencia.ufpr.br\/portal\/wp-content\/uploads\/2020\/12\/Envie_Pautas_1000x150.png\",\"width\":1368,\"height\":150},{\"@type\":\"BreadcrumbList\",\"@id\":\"https:\/\/ciencia.ufpr.br\/portal\/envie-artigos\/#breadcrumb\",\"itemListElement\":[{\"@type\":\"ListItem\",\"position\":1,\"name\":\"Home\",\"item\":\"https:\/\/ciencia.ufpr.br\/portal\/\"},{\"@type\":\"ListItem\",\"position\":2,\"name\":\"Submiss\u00e3o de artigos de opini\u00e3o\"}]},{\"@type\":\"WebSite\",\"@id\":\"https:\/\/ciencia.ufpr.br\/portal\/#website\",\"url\":\"https:\/\/ciencia.ufpr.br\/portal\/\",\"name\":\"Ci\u00eancia UFPR\",\"description\":\"Site de temas cient\u00edficos com foco no conhecimento produzido na Universidade Federal do Paran\u00e1 (UFPR). Baseado na Revista Ci\u00eancia UFPR.\",\"publisher\":{\"@id\":\"https:\/\/ciencia.ufpr.br\/portal\/#organization\"},\"potentialAction\":[{\"@type\":\"SearchAction\",\"target\":{\"@type\":\"EntryPoint\",\"urlTemplate\":\"https:\/\/ciencia.ufpr.br\/portal\/?s={search_term_string}\"},\"query-input\":{\"@type\":\"PropertyValueSpecification\",\"valueRequired\":true,\"valueName\":\"search_term_string\"}}],\"inLanguage\":\"pt-BR\"},{\"@type\":\"Organization\",\"@id\":\"https:\/\/ciencia.ufpr.br\/portal\/#organization\",\"name\":\"Revista Ci\u00eancia UFPR\",\"url\":\"https:\/\/ciencia.ufpr.br\/portal\/\",\"logo\":{\"@type\":\"ImageObject\",\"inLanguage\":\"pt-BR\",\"@id\":\"https:\/\/ciencia.ufpr.br\/portal\/#\/schema\/logo\/image\/\",\"url\":\"https:\/\/ciencia.ufpr.br\/portal\/wp-content\/uploads\/2020\/12\/Revista-Ciencia-UFPR-vermelho.jpeg\",\"contentUrl\":\"https:\/\/ciencia.ufpr.br\/portal\/wp-content\/uploads\/2020\/12\/Revista-Ciencia-UFPR-vermelho.jpeg\",\"width\":992,\"height\":714,\"caption\":\"Revista Ci\u00eancia UFPR\"},\"image\":{\"@id\":\"https:\/\/ciencia.ufpr.br\/portal\/#\/schema\/logo\/image\/\"},\"sameAs\":[\"https:\/\/www.facebook.com\/cienciaufproficial\",\"https:\/\/x.com\/cienciaufpr\",\"https:\/\/www.instagram.com\/revistacienciaufpr\/\",\"https:\/\/www.linkedin.com\/company\/cienciaufproficial\",\"https:\/\/br.pinterest.com\/cienciaufpr\/\"]}]}<\/script>\n<!-- \/ Yoast SEO plugin. -->","yoast_head_json":{"title":"Submiss\u00e3o de artigos de opini\u00e3o - Ci\u00eancia UFPR","description":"Al\u00e9m de reportagens, a Revista Ci\u00eancia UFPR publica artigos de opini\u00e3o cujos autores fazem parte da comunidade acad\u00eamica da Universidade Federal do Paran\u00e1 (UFPR).","robots":{"index":"index","follow":"follow","max-snippet":"max-snippet:-1","max-image-preview":"max-image-preview:large","max-video-preview":"max-video-preview:-1"},"canonical":"https:\/\/ciencia.ufpr.br\/portal\/envie-artigos\/","og_locale":"pt_BR","og_type":"article","og_title":"Submiss\u00e3o de artigos de opini\u00e3o - Ci\u00eancia UFPR","og_description":"Al\u00e9m de reportagens, a Revista Ci\u00eancia UFPR publica artigos de opini\u00e3o cujos autores fazem parte da comunidade acad\u00eamica da Universidade Federal do Paran\u00e1 (UFPR).","og_url":"https:\/\/ciencia.ufpr.br\/portal\/envie-artigos\/","og_site_name":"Ci\u00eancia UFPR","article_publisher":"https:\/\/www.facebook.com\/cienciaufproficial","article_modified_time":"2023-12-09T10:28:18+00:00","og_image":[{"width":575,"height":389,"url":"https:\/\/ciencia.ufpr.br\/portal\/wp-content\/uploads\/2020\/11\/Revista-Ciencia-UFPR-azul-sem-branco.jpg","type":"image\/jpeg"}],"twitter_card":"summary_large_image","twitter_image":"https:\/\/ciencia.ufpr.br\/portal\/wp-content\/uploads\/2020\/11\/Revista-Ciencia-UFPR-azul-sem-branco.jpg","twitter_site":"@cienciaufpr","twitter_misc":{"Est. tempo de leitura":"3 minutos"},"schema":{"@context":"https:\/\/schema.org","@graph":[{"@type":"WebPage","@id":"https:\/\/ciencia.ufpr.br\/portal\/envie-artigos\/","url":"https:\/\/ciencia.ufpr.br\/portal\/envie-artigos\/","name":"Submiss\u00e3o de artigos de opini\u00e3o - Ci\u00eancia UFPR","isPartOf":{"@id":"https:\/\/ciencia.ufpr.br\/portal\/#website"},"primaryImageOfPage":{"@id":"https:\/\/ciencia.ufpr.br\/portal\/envie-artigos\/#primaryimage"},"image":{"@id":"https:\/\/ciencia.ufpr.br\/portal\/envie-artigos\/#primaryimage"},"thumbnailUrl":"https:\/\/ciencia.ufpr.br\/portal\/wp-content\/uploads\/2020\/12\/Envie_Pautas_1000x150-1024x112.png","datePublished":"2020-12-08T20:20:10+00:00","dateModified":"2023-12-09T10:28:18+00:00","description":"Al\u00e9m de reportagens, a Revista Ci\u00eancia UFPR publica artigos de opini\u00e3o cujos autores fazem parte da comunidade acad\u00eamica da Universidade Federal do Paran\u00e1 (UFPR).","breadcrumb":{"@id":"https:\/\/ciencia.ufpr.br\/portal\/envie-artigos\/#breadcrumb"},"inLanguage":"pt-BR","potentialAction":[{"@type":"ReadAction","target":["https:\/\/ciencia.ufpr.br\/portal\/envie-artigos\/"]}]},{"@type":"ImageObject","inLanguage":"pt-BR","@id":"https:\/\/ciencia.ufpr.br\/portal\/envie-artigos\/#primaryimage","url":"https:\/\/ciencia.ufpr.br\/portal\/wp-content\/uploads\/2020\/12\/Envie_Pautas_1000x150.png","contentUrl":"https:\/\/ciencia.ufpr.br\/portal\/wp-content\/uploads\/2020\/12\/Envie_Pautas_1000x150.png","width":1368,"height":150},{"@type":"BreadcrumbList","@id":"https:\/\/ciencia.ufpr.br\/portal\/envie-artigos\/#breadcrumb","itemListElement":[{"@type":"ListItem","position":1,"name":"Home","item":"https:\/\/ciencia.ufpr.br\/portal\/"},{"@type":"ListItem","position":2,"name":"Submiss\u00e3o de artigos de opini\u00e3o"}]},{"@type":"WebSite","@id":"https:\/\/ciencia.ufpr.br\/portal\/#website","url":"https:\/\/ciencia.ufpr.br\/portal\/","name":"Ci\u00eancia UFPR","description":"Site de temas cient\u00edficos com foco no conhecimento produzido na Universidade Federal do Paran\u00e1 (UFPR). Baseado na Revista Ci\u00eancia UFPR.","publisher":{"@id":"https:\/\/ciencia.ufpr.br\/portal\/#organization"},"potentialAction":[{"@type":"SearchAction","target":{"@type":"EntryPoint","urlTemplate":"https:\/\/ciencia.ufpr.br\/portal\/?s={search_term_string}"},"query-input":{"@type":"PropertyValueSpecification","valueRequired":true,"valueName":"search_term_string"}}],"inLanguage":"pt-BR"},{"@type":"Organization","@id":"https:\/\/ciencia.ufpr.br\/portal\/#organization","name":"Revista Ci\u00eancia UFPR","url":"https:\/\/ciencia.ufpr.br\/portal\/","logo":{"@type":"ImageObject","inLanguage":"pt-BR","@id":"https:\/\/ciencia.ufpr.br\/portal\/#\/schema\/logo\/image\/","url":"https:\/\/ciencia.ufpr.br\/portal\/wp-content\/uploads\/2020\/12\/Revista-Ciencia-UFPR-vermelho.jpeg","contentUrl":"https:\/\/ciencia.ufpr.br\/portal\/wp-content\/uploads\/2020\/12\/Revista-Ciencia-UFPR-vermelho.jpeg","width":992,"height":714,"caption":"Revista Ci\u00eancia UFPR"},"image":{"@id":"https:\/\/ciencia.ufpr.br\/portal\/#\/schema\/logo\/image\/"},"sameAs":["https:\/\/www.facebook.com\/cienciaufproficial","https:\/\/x.com\/cienciaufpr","https:\/\/www.instagram.com\/revistacienciaufpr\/","https:\/\/www.linkedin.com\/company\/cienciaufproficial","https:\/\/br.pinterest.com\/cienciaufpr\/"]}]}},"jetpack_sharing_enabled":true,"_links":{"self":[{"href":"https:\/\/ciencia.ufpr.br\/portal\/wp-json\/wp\/v2\/pages\/17582"}],"collection":[{"href":"https:\/\/ciencia.ufpr.br\/portal\/wp-json\/wp\/v2\/pages"}],"about":[{"href":"https:\/\/ciencia.ufpr.br\/portal\/wp-json\/wp\/v2\/types\/page"}],"author":[{"embeddable":true,"href":"https:\/\/ciencia.ufpr.br\/portal\/wp-json\/wp\/v2\/users\/2801"}],"replies":[{"embeddable":true,"href":"https:\/\/ciencia.ufpr.br\/portal\/wp-json\/wp\/v2\/comments?post=17582"}],"version-history":[{"count":40,"href":"https:\/\/ciencia.ufpr.br\/portal\/wp-json\/wp\/v2\/pages\/17582\/revisions"}],"predecessor-version":[{"id":24678,"href":"https:\/\/ciencia.ufpr.br\/portal\/wp-json\/wp\/v2\/pages\/17582\/revisions\/24678"}],"wp:attachment":[{"href":"https:\/\/ciencia.ufpr.br\/portal\/wp-json\/wp\/v2\/media?parent=17582"}],"curies":[{"name":"wp","href":"https:\/\/api.w.org\/{rel}","templated":true}]}}